{"id":33,"date":"2024-02-17T18:10:42","date_gmt":"2024-02-17T18:10:42","guid":{"rendered":"http:\/\/wildstein.pouzar.cloud\/?page_id=33"},"modified":"2024-02-17T18:36:58","modified_gmt":"2024-02-17T18:36:58","slug":"domov","status":"publish","type":"page","link":"https:\/\/zbynekpouzar.cz\/","title":{"rendered":"\u00davod"},"content":{"rendered":"\n<ul class=\"wp-block-list\">\n<li>P\u0159edm\u011btem m\u00e9 \u010dinnosti jsou p\u0159edev\u0161\u00edm statick\u00e9 v\u00fdpo\u010dty, n\u00e1vrhy nosn\u00fdch konstrukc\u00ed, z\u00e1kladov\u00fdch konstrukc\u00ed, zd\u011bn\u00fdch, \u017eelezobetonov\u00fdch ocelov\u00fdch a d\u0159ev\u011bn\u00fdch konstrukc\u00ed pozemn\u00edch staveb a in\u017een\u00fdrsk\u00fdch konstrukc\u00ed, op\u011brn\u00fdch st\u011bn<\/li>\n\n\n\n<li>Prov\u00e1d\u00edm posudky a hodnocen\u00ed statick\u00e9ho stavu existuj\u00edc\u00edch staveb s\u00a0ohledem na jejich dal\u0161\u00ed vyu\u017eit\u00ed, stanoven\u00ed zat\u00ed\u017eitelnosti st\u00e1vaj\u00edc\u00edch konstrukc\u00ed (FVE na st\u0159ech\u00e1ch)<\/li>\n\n\n\n<li>Poskytuji konzultace t\u00fdkaj\u00edc\u00ed se problematiky stavebn\u00edch \u00faprav, z\u00e1sah\u016f do nosn\u00fdch konstrukc\u00ed a dal\u0161\u00edch stavebn\u00edch z\u00e1m\u011br\u016f<\/li>\n\n\n\n<li>Nab\u00edz\u00edm bohat\u00e9 zku\u0161enosti s\u00a0\u0159e\u0161en\u00edm stavebn\u00edch \u00faprav a oprav historick\u00fdch konstrukc\u00ed a krov\u016f<\/li>\n\n\n\n<li>V\u00a0t\u00fdmu se specialisty nab\u00edz\u00edme kompletn\u00ed \u0159e\u0161en\u00ed projektov\u00fdch dokumentac\u00ed pro pozemn\u00ed stavby<\/li>\n\n\n\n<li>Komunikuji v\u00a0NJ, AJ<\/li>\n\n\n\n<li>Statikou staveb se zab\u00fdv\u00e1m od r. 1997<\/li>\n<\/ul>\n\n\n\n<figure class=\"wp-block-image size-full\"><img loading=\"lazy\" decoding=\"async\" width=\"952\" height=\"656\" src=\"http:\/\/wildstein.pouzar.cloud\/wp-content\/uploads\/2024\/02\/Vyztuz2.png\" alt=\"\" class=\"wp-image-60\" srcset=\"https:\/\/zbynekpouzar.cz\/wp-content\/uploads\/2024\/02\/Vyztuz2.png 952w, https:\/\/zbynekpouzar.cz\/wp-content\/uploads\/2024\/02\/Vyztuz2-300x207.png 300w, https:\/\/zbynekpouzar.cz\/wp-content\/uploads\/2024\/02\/Vyztuz2-768x529.png 768w\" sizes=\"auto, (max-width: 952px) 100vw, 952px\" \/><\/figure>\n","protected":false},"excerpt":{"rendered":"","protected":false},"author":1,"featured_media":0,"parent":0,"menu_order":0,"comment_status":"closed","ping_status":"closed","template":"","meta":{"inline_featured_image":false,"site-sidebar-layout":"default","site-content-layout":"","ast-site-content-layout":"","site-content-style":"default","site-sidebar-style":"default","ast-global-header-display":"","ast-banner-title-visibility":"","ast-main-header-display":"","ast-hfb-above-header-display":"","ast-hfb-below-header-display":"","ast-hfb-mobile-header-display":"","site-post-title":"","ast-breadcrumbs-content":"","ast-featured-img":"","footer-sml-layout":"","theme-transparent-header-meta":"","adv-header-id-meta":"","stick-header-meta":"","header-above-stick-meta":"","header-main-stick-meta":"","header-below-stick-meta":"","astra-migrate-meta-layouts":"default","ast-page-background-enabled":"default","ast-page-background-meta":{"desktop":{"background-color":"var(--ast-global-color-4)","background-image":"","background-repeat":"repeat","background-position":"center center","background-size":"auto","background-attachment":"scroll","background-type":"","background-media":"","overlay-type":"","overlay-color":"","overlay-gradient":""},"tablet":{"background-color":"","background-image":"","background-repeat":"repeat","background-position":"center center","background-size":"auto","background-attachment":"scroll","background-type":"","background-media":"","overlay-type":"","overlay-color":"","overlay-gradient":""},"mobile":{"background-color":"","background-image":"","background-repeat":"repeat","background-position":"center center","background-size":"auto","background-attachment":"scroll","background-type":"","background-media":"","overlay-type":"","overlay-color":"","overlay-gradient":""}},"ast-content-background-meta":{"desktop":{"background-color":"var(--ast-global-color-5)","background-image":"","background-repeat":"repeat","background-position":"center center","background-size":"auto","background-attachment":"scroll","background-type":"","background-media":"","overlay-type":"","overlay-color":"","overlay-gradient":""},"tablet":{"background-color":"var(--ast-global-color-5)","background-image":"","background-repeat":"repeat","background-position":"center center","background-size":"auto","background-attachment":"scroll","background-type":"","background-media":"","overlay-type":"","overlay-color":"","overlay-gradient":""},"mobile":{"background-color":"var(--ast-global-color-5)","background-image":"","background-repeat":"repeat","background-position":"center center","background-size":"auto","background-attachment":"scroll","background-type":"","background-media":"","overlay-type":"","overlay-color":"","overlay-gradient":""}},"footnotes":""},"class_list":["post-33","page","type-page","status-publish","hentry"],"_links":{"self":[{"href":"https:\/\/zbynekpouzar.cz\/index.php\/wp-json\/wp\/v2\/pages\/33","targetHints":{"allow":["GET"]}}],"collection":[{"href":"https:\/\/zbynekpouzar.cz\/index.php\/wp-json\/wp\/v2\/pages"}],"about":[{"href":"https:\/\/zbynekpouzar.cz\/index.php\/wp-json\/wp\/v2\/types\/page"}],"author":[{"embeddable":true,"href":"https:\/\/zbynekpouzar.cz\/index.php\/wp-json\/wp\/v2\/users\/1"}],"replies":[{"embeddable":true,"href":"https:\/\/zbynekpouzar.cz\/index.php\/wp-json\/wp\/v2\/comments?post=33"}],"version-history":[{"count":4,"href":"https:\/\/zbynekpouzar.cz\/index.php\/wp-json\/wp\/v2\/pages\/33\/revisions"}],"predecessor-version":[{"id":67,"href":"https:\/\/zbynekpouzar.cz\/index.php\/wp-json\/wp\/v2\/pages\/33\/revisions\/67"}],"wp:attachment":[{"href":"https:\/\/zbynekpouzar.cz\/index.php\/wp-json\/wp\/v2\/media?parent=33"}],"curies":[{"name":"wp","href":"https:\/\/api.w.org\/{rel}","templated":true}]}}